{"id":133,"date":"2017-04-04T18:29:41","date_gmt":"2017-04-04T18:29:41","guid":{"rendered":"https:\/\/alquilerdebuses.com\/web-antigua\/demo\/?page_id=133"},"modified":"2020-03-28T22:56:25","modified_gmt":"2020-03-28T22:56:25","slug":"alquiler-de-buses-para-transporte-escolar","status":"publish","type":"page","link":"https:\/\/alquilerdebuses.com\/web-antigua\/alquiler-de-buses-para-transporte-escolar\/","title":{"rendered":"Alquiler de buses para Transporte Escolar"},"content":{"rendered":"<p>Transporte Escolar\t\t\t\t\t\t\t\t\t\t\t\t\t\t<\/p>\n<p><img loading=\"lazy\" width=\"297\" height=\"300\" src=\"https:\/\/alquilerdebuses.com\/web-antigua\/wp-content\/uploads\/2017\/04\/man.png\" \/><br \/>\n\t\t\t\t\t\t\t\t\t\t\t\t\t\t\t\t\t\t\t <!-- .container --><br \/>\n\t\t\t\t\t\t\t\t <!-- .overlay --><\/p>\n<p><a href=\"#\"><\/p>\n<p>icon<\/p>\n<p>Servicios<\/p>\n<p><\/a><\/p>\n<p><a href=\"#\"><\/p>\n<p>icon<\/p>\n<p>Flota<\/p>\n<p><\/a><\/p>\n<p><a href=\"#\"><\/p>\n<p>icon<\/p>\n<p>\u00bfPorque elegirnos?<\/p>\n<p><\/a><\/p>\n<p><a href=\"#\"><\/p>\n<p>icon<\/p>\n<p>Cont\u00e1ctanos<\/p>\n<p><\/a><\/p>\n<p>AMABLES BUS cubre todas las necesidades de transporte que los colegios requieren, entre ellas:Traslados para paseos escolares a todos los clubes campestres de \u00a0 Chosica, Cieneguilla, Lur\u00edn y Lima.Movilidad para las visitas de estudio a museos, zool\u00f3gicos, f\u00e1bricas \u00a0y teatros en todo Lima.Traslados para viajes y excursiones a nivel nacional.Movilidad para eventos especiales como desfiles, reuniones, \u00a0 \u00a0charlas, ferias y retiros.Desarroll\u00e1ndolos con nuestra flota integrada por minivans, coaster y buses de hasta 60 asientos acolchados. Todos con cintur\u00f3n de seguridad, tarjeta de circulaci\u00f3n, p\u00f3liza de seguro e implementos de seguridad vial como extintor, botiqu\u00edn y llaves b\u00e1sicas de emergencia.\t\t\t\t\t\t\t\t<\/p>\n<p>7 motivos importantes que demuestran que Amables Bus es su mejor elecci\u00f3n:1. PREMIAMOS SU PREFERENCIA. Por cada movilidad contratada usted recibe 01 ticket doble para pasar el d\u00eda en un club campestre.2. NO COBRAMOS PENALIDADES en caso de postergaciones o disminuci\u00f3n de los buses siempre y cuando nos avise con 1 d\u00eda de anticipaci\u00f3n.3. SIEMPRE LOS AYUDAREMOS cuando necesiten m\u00e1s movilidades a \u00faltimo momento porque somos su proveedor de transportes.4. LLEGAMOS A DONDE USTED NOS NECESITE porque tenemos una ubicaci\u00f3n privilegiada que nos permite llegar a todo Lima Metropolitana para brindarle nuestros servicios siempre a un precio justo.5. COTIZAMOS INMEDIATAMENTE las movilidades que necesita.6. FLOTA DE VEH\u00cdCULOS NUEVOS Y SEMINUEVOScompuestos por buses, minibuses, autos y camionetas. Todas con soat vigente, tarjeta de circulaci\u00f3n e implementos de seguridad vial.7. NUESTROS CONDUCTORES\u00a0los atender\u00e1n con amabilidad, respeto y buena atenci\u00f3n de principio a fin.\t\t\t\t\t\t\t\t<\/p>\n<p>Nombres:\t\t\t\t\t\t\t\t\t\t\t\t\t\t\tNombre\t\t\t\t\t\t\t\t\t\t\t\t\t\t\t\t\t\t\t\t\t\t\t\t\tApellido\t\t\t\t\t\t\t\t\t\tEmpresaDistritoTel\u00e9fonoE-mailMensajeEnviarReset\t\t\t\t\t\t\t\t<\/p>\n","protected":false},"excerpt":{"rendered":"<p class=\"excerpt\">Transporte Escolar icon Servicios icon Flota icon \u00bfPorque elegirnos? icon Cont\u00e1ctanos AMABLES BUS cubre todas las necesidades de transporte que los colegios requieren, entre ellas:Traslados para paseos escolares a todos los clubes campestres de \u00a0 Chosica, Cieneguilla, Lur\u00edn y Lima.Movilidad para las visitas de estudio a museos, zool\u00f3gicos, f\u00e1bricas \u00a0y teatros en todo Lima.Traslados para [&hellip;]<\/p>\n","protected":false},"author":1,"featured_media":0,"parent":0,"menu_order":0,"comment_status":"open","ping_status":"open","template":"builder.php","meta":[],"yst_prominent_words":[32,24,94,8,101,93,25,102,98,103,45,99,100,97,7],"_links":{"self":[{"href":"https:\/\/alquilerdebuses.com\/web-antigua\/wp-json\/wp\/v2\/pages\/133"}],"collection":[{"href":"https:\/\/alquilerdebuses.com\/web-antigua\/wp-json\/wp\/v2\/pages"}],"about":[{"href":"https:\/\/alquilerdebuses.com\/web-antigua\/wp-json\/wp\/v2\/types\/page"}],"author":[{"embeddable":true,"href":"https:\/\/alquilerdebuses.com\/web-antigua\/wp-json\/wp\/v2\/users\/1"}],"replies":[{"embeddable":true,"href":"https:\/\/alquilerdebuses.com\/web-antigua\/wp-json\/wp\/v2\/comments?post=133"}],"version-history":[{"count":13,"href":"https:\/\/alquilerdebuses.com\/web-antigua\/wp-json\/wp\/v2\/pages\/133\/revisions"}],"predecessor-version":[{"id":244,"href":"https:\/\/alquilerdebuses.com\/web-antigua\/wp-json\/wp\/v2\/pages\/133\/revisions\/244"}],"wp:attachment":[{"href":"https:\/\/alquilerdebuses.com\/web-antigua\/wp-json\/wp\/v2\/media?parent=133"}],"wp:term":[{"taxonomy":"yst_prominent_words","embeddable":true,"href":"https:\/\/alquilerdebuses.com\/web-antigua\/wp-json\/wp\/v2\/yst_prominent_words?post=133"}],"curies":[{"name":"wp","href":"https:\/\/api.w.org\/{rel}","templated":true}]}}